. Let x = u + n. What are the prime factors of x?
2, 3
Let d(g) = -g**3 - 9*g**2 - 15*g - 5. Let x be d(-7). Suppose -x*n - 609 = -4*r + 41, 3*n - 655 = -4*r. List the prime factors of r.
163
Suppose 0 = -2*a + 7*a - 5*j - 1500, 4*a = -5*j + 1209. What are the prime factors of a?
7, 43
Suppose 5*g + 24 = 11*g. Suppose 2*b - g = -0*b, 0 = 2*k + 2*b - 96. Suppose -2*x + 102 = 5*j, -x - 7*j + k = -2*j. List the prime factors of x.
2, 7
Let x = 172 - 103. What are the prime factors of x?
3, 23
What are the prime factors of -15*((-8)/12)/2 - -292?
3, 11
Suppose -26675 - 18358 = -17*m. List the prime factors of m.
3, 883
Suppose 5*r - 3*a = -0*r + 12095, -3*a + 4859 = 2*r. What are the prime factors of r?
2, 7, 173
Let b = 2397 + 1353. List the prime factors of b.
2, 3, 5
Let b(h) = 14*h**2 + 19*h - 66. What are the prime factors of b(6)?
2, 3, 23
Let t = 673 + -261. List the prime factors of t.
2, 103
Suppose 0 = -2*k + 2*s + 114, s + 1 = 4. List the prime factors of k.
2, 3, 5
Suppose 275 = 2*s + c, -s + 140 = 3*c - 5*c. Suppose -9*o + s = -6*o. What are the prime factors of o?
2, 23
Let n be 5 - 288/(-42) - (-1)/7. Suppose -2*f + 448 = n*f. List the prime factors of f.
2
Let b be (4 - -4)/(2/12). Let k = b + 30. List the prime factors of k.
2, 3, 13
Suppose -8*t = 4*i - 12*t - 15884, 0 = -4*t + 8. List the prime factors of i.
29, 137
Let o be ((-288)/(-27))/((-2)/(-3)). Suppose -4*p + 68 = 4*d, 3*d + 4*p = o + 39. Let y(g) = 2*g - 9. What are the prime factors of y(d)?
17
Suppose 3*p + 4*x - 2*x = 12, -4*p = 4*x - 16. Suppose 5*o = i + 4*i - 140, p*o + 112 = -5*i. What are the prime factors of (-216)/o*28/6?
2, 3
Suppose 5*f + 15 - 35 = 0. Suppose 4*c = -f*k + 160, -2*k + 5*c + 41 + 11 = 0. What are the prime factors of k?
2, 3
Suppose -j + 6*j = s + 10823, -j = 4*s - 2173. What are the prime factors of j?
5, 433
Suppose 744 - 46 = d. List the prime factors of d.
2, 349
Suppose -5*x = 34*x - 33657. List the prime factors of x.
863
Let h = 72 - 36. Suppose -h*a = -31*a - 735. List the prime factors of a.
3, 7
Suppose 4*s = -5 - 3. Let z be 8 - (-3 + (-1 - s)). Let b(k) = k + 14. List the prime factors of b(z).
2, 3
Suppose 2*b = 3*b - 128. Suppose 2*k - b = -2*k + 4*x, -200 = -5*k - 3*x. Suppose -4*u + 51 = -k. What are the prime factors of u?
2, 11
Let j = -12 + 15. Let x(d) = d**3 - 5 - 4*d + 4*d**j + 8. What are the prime factors of x(2)?
5, 7
List the prime factors of (-5182)/(-5) - (-48)/80.
17, 61
Let h = -332 - -936. What are the prime factors of h?
2, 151
Suppose -3*s + 45 = 2*s. Let l(w) = w - 3. Let f(n) = -2. Let x(o) = -6*f(o) + l(o). What are the prime factors of x(s)?
2, 3
Let q(b) = -29*b**3 - b**2 + 3*b + 17. List the prime factors of q(-3).
2, 17, 23
What are the prime factors of ((-1056)/18)/(8/(-372))?
2, 11, 31
Let r(l) = -3*l**3 + 12*l + 5. Let g be r(-3). Suppose 50 = 4*f - g. What are the prime factors of f?
5
Let z be 1*-1 + 42/6. Let m(t) = -54 + 7*t - 3*t + 56. What are the prime factors of m(z)?
2, 13
Suppose -22*x = -473 - 1507. List the prime factors of x.
2, 3, 5
Suppose 0 = -3*u + u - 80. Let z be (-416)/u - 4/10. Let c = z + 17. List the prime factors of c.
3
Suppose 2*j - 1 + 13 = 4*w, w + 6 = 5*j. Suppose -7*f + 2*f - 117 = -s, 0 = 2*s - j*f - 218. List the prime factors of s.
107
Let r(n) = 21*n**2 - 2*n - 3. What are the prime factors of r(-1)?
2, 5
Let i = -1 - 10. Let v(f) = -9*f - 23. What are the prime factors of v(i)?
2, 19
Let m be (7 - 8)/((-1)/(-6)). Let x be 1 + -1*(4 + m). Suppose -t - 72 = -2*j, -x*j + 5*t - 2*t = -111. List the prime factors of j.
5, 7
Let d be 8 - 7 - 3/(-1). Let w be (-55)/(-44) + (-17)/d. Let f(v) = 5*v**2 + 6*v. List the prime factors of f(w).
3
Suppose 0 = -7*r + 4*r - 5*a + 154, 5*r - 195 = 4*a. Let o = 293 - r. List the prime factors of o.
2, 5
Let z(v) = 2*v + 50. Let l be z(-23). Suppose -l*c = 3*c - 469. List the prime factors of c.
67
Let r(c) = -c**3 - 6*c**2 + 7*c + 3. Suppose 0 = -2*i - 15 - 1. What are the prime factors of r(i)?
3, 5
Suppose -8*y + 706 + 174 = 0. Let x = y - 74. List the prime factors of x.
2, 3
List the prime factors of 6 + (-5 - 5) + 2933.
29, 101
Let j = 116 - 109. Suppose -g - 3*v = -308, j*g - 9*g = -5*v - 594. List the prime factors of g.
2, 151
Let y be 1 + 3 - (-9 + 15). Let r(s) = 5*s**3 - 2*s**2 + 2*s + 1. Let b be r(y). Let u = -18 - b. List the prime factors of u.
3, 11
Suppose 5*k - 53 = -2*n - 16, -n - 31 = -3*k. Suppose -7*u = -k*u - 6. List the prime factors of u/((-9)/(-10))*-3.
2, 5
Suppose 0 = 2*f + 4, 0 = -5*b - 4*f + 126 - 29. Suppose -b = -2*j + 15. What are the prime factors of j?
2, 3
Let j(k) = -5*k**3 - k**2 - k. Let w be j(-1). Suppose -w*q = -5*z + 15, -10 = -4*z + q + 17. What are the prime factors of z?
2
Let r = -8 - -13. Suppose r - 11 = -3*j. Suppose -7*x + 18 = k - j*x, -k + 9 = -4*x. What are the prime factors of k?
13
Let f(r) = 17*r + 21. What are the prime factors of f(8)?
157
Suppose 5*x - 5 = 3*q - 2*q, 5*x - 3*q = -5. Suppose -3*i + 9 = 0, x*i = j - 0 - 18. Let h = j + -4. What are the prime factors of h?
2, 5
What are the prime factors of (134/(-6))/(17/(-408))?
2, 67
Let j(y) = -y**2 + 3*y + 13. Let h be j(3). Let c = 95 - h. What are the prime factors of c?
2, 41
Let n(q) = -20*q**3 + 28*q**2 + 8*q + 2. List the prime factors of n(-4).
2, 3, 283
Suppose 5*f = -4*v - 12, -9*f - 22 = -v - 4*f. Let q = -30 - -33. Suppose 0*u = v*u - s, q*u - 3*s = -6. What are the prime factors of u?
2
Suppose -4 - 24 = -7*n. Suppose -13 = m - 4*s, 8 = -4*m + n*s + s. Suppose -41 = -2*r - y + 6*y, -m*y = -3. What are the prime factors of r?
23
Suppose 41643 = 35*s - 14*s. List the prime factors of s.
3, 661
Let f(x) = -x - 3. Let t(k) = -4*k - 8. Let l(h) = -14*f(h) + 5*t(h). Let w be l(-8). Suppose 0 = -2*y + 2 + w. What are the prime factors of y?
2, 13
Suppose -390*s = -389*s - 856. List the prime factors of s.
2, 107
Suppose -2*m + 4*p + 14 = 0, 0*m + 4*p - 40 = -4*m. Let n be 6/m + (-10)/(-3). Suppose c - n*a - 39 = 0, a = 3*a + 4. List the prime factors of c.
31
Let g(k) be the third derivative of -k**5/60 - 13*k**4/24 - k**3/3 + 2*k**2. List the prime factors of g(-10).
2, 7
Let q be (1 + 5)*4/6. Let h = -4 + q. Suppose r - 2*g + 4 - 12 = 0, g + 1 = h. What are the prime factors of r?
2, 3
Let y(j) = -6*j - 8. Let s(x) = x + 1. Let f(c) = 5*s(c) + y(c). Let p be f(4). Let h = 10 - p. List the prime factors of h.
17
Suppose -3*x + 3 = 0, -3*x - x + 59 = -5*c. Let o = 53 + c. What are the prime factors of o?
2, 3, 7
Let y = 19 - 14. Let j be y + -1 - (9 - 9). List the prime factors of j*(-3 + 118/8).
47
Suppose -2 = 8*m - 9*m. Let s(c) = -c**3 + c**2 + c + 2. Let k be s(0). List the prime factors of 10*(2 - k/m).
2, 5
Let j = 1280 - 785. What are the prime factors of j?
3, 5, 11
Let l = 27 + -31. List the prime factors of 13*(l/4 - -2).
13
Suppose -24 - 18 = -2*y. Suppose -2*f = -3*a + 2, -2*a + 4 = -5*f + y. Suppose 0 = 5*g - 2*k - 157, f*k = -0*g - 3*g + 88. What are the prime factors of g?
31
Let r(f) = -1346*f**3 - 4*f**2 - 4*f - 2. List the prime factors of r(-1).
2, 3, 7
Suppose 0 = 5*n - 5*z - 27 - 23, -z - 5 = 0. List the prime factors of ((-5)/(n/(-32)))/(22/77).
2, 7
Suppose -21 = p - 4*y - 4, 0 = p - 3*y + 18. Let x be (-153)/(-5) - p/(-35). Suppose 3*t = z - 2*t - 27, -z + 2*t + x = 0. What are the prime factors of z?
2
Let h(o) = 2*o + 8. Let c(l) = -2*l - 8. Let z(s) = -4*c(s) - 3*h(s). What are the prime factors of z(10)?
2, 7
Let i be (-765)/136 + (-6)/16. Let f(t) = t**3 + 8*t**2 + 7*t + 1. What are the prime factors of f(i)?
31
Suppose 1 = l - r, -r + 10 = l + r. Let v = 3 - 0. Suppose l*k = v*k + 61. What are the prime factors of k?
61
List the prime factors of 8*(-7)/(196/(-2289)).
2, 3, 109
Let i = 37 + -28. What are the prime factors of (-3)/(i/41)*(-14 - -11)?
41
Suppose l + 2 = 0, 0 = -x + 5*l - 17 + 80. What are the prime factors of x?
53
Suppose j - 1221 = -2*z, -9*j - 2*z - 2454 = -11*j. List the prime factors of j.
5, 7
Suppose 74*q - 76*q = 5*t - 3119, -5*q = 2*t - 7787. List the prime factors of q.
3, 173
Let t(i) = -24*i**3 - 27*i**2 - 3*i - 12. List the prime factors of t(-4).
2, 3, 23
Suppose d = 5*d - 144. Let g = -80 - -84. Suppose -4*m + 4*k + 88 = 0, -m + g*m + 3*k = d. What are the